{"version":"1.0","provider_name":"TuS Bruchhausen","provider_url":"http:\/\/www.tus-bruchhausen.de\/Fussball","author_name":"Ingo","author_url":"http:\/\/www.tus-bruchhausen.de\/Fussball\/author\/renk\/","title":"16. Fu\u00dfball Feriencamp verschiebt sich","type":"rich","width":600,"height":338,"html":"<blockquote class=\"wp-embedded-content\" data-secret=\"rl3xJHdXZ3\"><a href=\"http:\/\/www.tus-bruchhausen.de\/Fussball\/16-fussball-feriencamp-verschiebt-sich\/\">16. Fu\u00dfball Feriencamp verschiebt sich<\/a><\/blockquote><iframe sandbox=\"allow-scripts\" security=\"restricted\" src=\"http:\/\/www.tus-bruchhausen.de\/Fussball\/16-fussball-feriencamp-verschiebt-sich\/embed\/#?secret=rl3xJHdXZ3\" width=\"600\" height=\"338\" title=\"&#8222;16. Fu\u00dfball Feriencamp verschiebt sich&#8220; &#8211; TuS Bruchhausen\" data-secret=\"rl3xJHdXZ3\" frameborder=\"0\" marginwidth=\"0\" marginheight=\"0\" scrolling=\"no\" class=\"wp-embedded-content\"><\/iframe><script type=\"text\/javascript\">\n\/* <![CDATA[ *\/\n\/*! This file is auto-generated *\/\n!function(d,l){\"use strict\";l.querySelector&&d.addEventListener&&\"undefined\"!=typeof URL&&(d.wp=d.wp||{},d.wp.receiveEmbedMessage||(d.wp.receiveEmbedMessage=function(e){var t=e.data;if((t||t.secret||t.message||t.value)&&!\/[^a-zA-Z0-9]\/.test(t.secret)){for(var s,r,n,a=l.querySelectorAll('iframe[data-secret=\"'+t.secret+'\"]'),o=l.querySelectorAll('blockquote[data-secret=\"'+t.secret+'\"]'),c=new RegExp(\"^https?:$\",\"i\"),i=0;i<o.length;i++)o[i].style.display=\"none\";for(i=0;i<a.length;i++)s=a[i],e.source===s.contentWindow&&(s.removeAttribute(\"style\"),\"height\"===t.message?(1e3<(r=parseInt(t.value,10))?r=1e3:~~r<200&&(r=200),s.height=r):\"link\"===t.message&&(r=new URL(s.getAttribute(\"src\")),n=new URL(t.value),c.test(n.protocol))&&n.host===r.host&&l.activeElement===s&&(d.top.location.href=t.value))}},d.addEventListener(\"message\",d.wp.receiveEmbedMessage,!1),l.addEventListener(\"DOMContentLoaded\",function(){for(var e,t,s=l.querySelectorAll(\"iframe.wp-embedded-content\"),r=0;r<s.length;r++)(t=(e=s[r]).getAttribute(\"data-secret\"))||(t=Math.random().toString(36).substring(2,12),e.src+=\"#?secret=\"+t,e.setAttribute(\"data-secret\",t)),e.contentWindow.postMessage({message:\"ready\",secret:t},\"*\")},!1)))}(window,document);\n\/\/# sourceURL=http:\/\/www.tus-bruchhausen.de\/Fussball\/wp-includes\/js\/wp-embed.min.js\n\/* ]]> *\/\n<\/script>\n","thumbnail_url":"http:\/\/www.tus-bruchhausen.de\/Fussball\/wp-content\/uploads\/2019\/08\/IMG_4456-e1564998055266-scaled.jpg","thumbnail_width":2560,"thumbnail_height":995,"description":"Zwar wurden die ersten Lockerungen getroffen, doch die Corona-Pandemie hat noch immer Auswirkungen auf unser allt\u00e4gliches Leben. Da aktuell niemand absehen kann, wie lange diese Situation noch andauert, hat nun das Orgateam um J\u00f6rg Niemeyer entschieden, dass die 16. Auflage des Fu\u00dfball Feriencamp in diesem Sommer nicht stattfindet. &#8220;Auf Grund der unsicheren Situation k\u00f6nnen wir [&hellip;]"}

16. Fußball Feriencamp verschiebt sich

<blockquote class="wp-embedded-content" data-secret="rl3xJHdXZ3"><a href="http://www.tus-bruchhausen.de/Fussball/16-fussball-feriencamp-verschiebt-sich/">16. Fußball Feriencamp verschiebt sich</a></blockquote><iframe sandbox="allow-scripts" security="restricted" src="http://www.tus-bruchhausen.de/Fussball/16-fussball-feriencamp-verschiebt-sich/embed/#?secret=rl3xJHdXZ3" width="600" height="338" title="&#8222;16. Fußball Feriencamp verschiebt sich&#8220; &#8211; TuS Bruchhausen" data-secret="rl3xJHdXZ3" frameborder="0" marginwidth="0" marginheight="0" scrolling="no" class="wp-embedded-content"></iframe><script type="text/javascript">
/* <![CDATA[ */
/*! This file is auto-generated */
!function(d,l){"use strict";l.querySelector&&d.addEventListener&&"undefined"!=typeof URL&&(d.wp=d.wp||{},d.wp.receiveEmbedMessage||(d.wp.receiveEmbedMessage=function(e){var t=e.data;if((t||t.secret||t.message||t.value)&&!/[^a-zA-Z0-9]/.test(t.secret)){for(var s,r,n,a=l.querySelectorAll('iframe[data-secret="'+t.secret+'"]'),o=l.querySelectorAll('blockquote[data-secret="'+t.secret+'"]'),c=new RegExp("^https?:$","i"),i=0;i<o.length;i++)o[i].style.display="none";for(i=0;i<a.length;i++)s=a[i],e.source===s.contentWindow&&(s.removeAttribute("style"),"height"===t.message?(1e3<(r=parseInt(t.value,10))?r=1e3:~~r<200&&(r=200),s.height=r):"link"===t.message&&(r=new URL(s.getAttribute("src")),n=new URL(t.value),c.test(n.protocol))&&n.host===r.host&&l.activeElement===s&&(d.top.location.href=t.value))}},d.addEventListener("message",d.wp.receiveEmbedMessage,!1),l.addEventListener("DOMContentLoaded",function(){for(var e,t,s=l.querySelectorAll("iframe.wp-embedded-content"),r=0;r<s.length;r++)(t=(e=s[r]).getAttribute("data-secret"))||(t=Math.random().toString(36).substring(2,12),e.src+="#?secret="+t,e.setAttribute("data-secret",t)),e.contentWindow.postMessage({message:"ready",secret:t},"*")},!1)))}(window,document);
//# sourceURL=http://www.tus-bruchhausen.de/Fussball/wp-includes/js/wp-embed.min.js
/* ]]> */
</script>

Zwar wurden die ersten Lockerungen getroffen, doch die Corona-Pandemie hat noch immer Auswirkungen auf unser alltägliches Leben. Da aktuell niemand absehen kann, wie lange diese Situation noch andauert, hat nun das Orgateam um Jörg Niemeyer entschieden, dass die 16. Auflage des Fußball Feriencamp in diesem Sommer nicht stattfindet. &#8220;Auf Grund der unsicheren Situation können wir [&hellip;]
