{"id":4206,"date":"2014-10-23T09:50:42","date_gmt":"2014-10-23T07:50:42","guid":{"rendered":"http:\/\/tus-bruchhausen.de\/Fussball\/?page_id=4206"},"modified":"2017-03-01T17:39:35","modified_gmt":"2017-03-01T16:39:35","slug":"sportpark-an-der-hiag","status":"publish","type":"page","link":"http:\/\/www.tus-bruchhausen.de\/Fussball\/sportpark-an-der-hiag\/","title":{"rendered":"Sportpark An der HIAG"},"content":{"rendered":"<p><a href=\"http:\/\/tus-bruchhausen.de\/Fussball\/wp-content\/uploads\/2014\/09\/20140902-14-1440x9603.jpg\" rel=\"lightbox[4206]\"><img loading=\"lazy\" decoding=\"async\" class=\"alignright wp-image-4235\" src=\"http:\/\/tus-bruchhausen.de\/Fussball\/wp-content\/uploads\/2014\/09\/20140902-14-1440x9603-581x350.jpg\" alt=\"20140902 (14) (1440x960)\" width=\"274\" height=\"165\" srcset=\"http:\/\/www.tus-bruchhausen.de\/Fussball\/wp-content\/uploads\/2014\/09\/20140902-14-1440x9603-581x350.jpg 581w, http:\/\/www.tus-bruchhausen.de\/Fussball\/wp-content\/uploads\/2014\/09\/20140902-14-1440x9603-300x181.jpg 300w, http:\/\/www.tus-bruchhausen.de\/Fussball\/wp-content\/uploads\/2014\/09\/20140902-14-1440x9603-150x90.jpg 150w, http:\/\/www.tus-bruchhausen.de\/Fussball\/wp-content\/uploads\/2014\/09\/20140902-14-1440x9603-768x463.jpg 768w, http:\/\/www.tus-bruchhausen.de\/Fussball\/wp-content\/uploads\/2014\/09\/20140902-14-1440x9603-200x120.jpg 200w, http:\/\/www.tus-bruchhausen.de\/Fussball\/wp-content\/uploads\/2014\/09\/20140902-14-1440x9603-900x542.jpg 900w, http:\/\/www.tus-bruchhausen.de\/Fussball\/wp-content\/uploads\/2014\/09\/20140902-14-1440x9603.jpg 1440w\" sizes=\"auto, (max-width: 274px) 100vw, 274px\" \/><\/a>Der <strong>Sportpark<\/strong> <strong>An der Hiag<\/strong> ist die Heimspielst\u00e4tte der Fu\u00dfballer des TuS Bruchhausen. Neben dem Fu\u00dfball gibt es im Sportpark jedoch einige weitere Sportm\u00f6glichkeiten. Im Jahr 2014 wurde der alte Tennesportplatz an gleicher Stelle abgerissen und zum heutigen Sportpark umgebaut. Ausf\u00fchrende Firma war die Lodenkemper GmbH aus Ahlen. Die Er\u00f6ffnungsfeier folgte am 19. September 2014.<\/p>\n<p>Die Sportm\u00f6glichkeiten sind Vielf\u00e4ltig im <strong>Sportpark<\/strong> An der Hiag. Das gr\u00f6\u00dfte Element im Herz der Sportanlange ist sicher der Kunstrasen. Die Oberfl\u00e4che des Kunstgr\u00fcn stammt aus Belgien. Der Produktname ist Domo Slide DS 40 der Firma Domo Sportsgrass. Hierbei handelt sich um einen Sand-Gummi verf\u00fcllten Kunstrasen mit graden 40mm Grasshalm. Die Ma\u00dfe des Hauptspielfeldes betragen 100 x 64 Meter Netto Spielfeld, dies ist die vom FLVW vorgeschriebene Spielfeldgr\u00f6\u00dfe f\u00fcr \u00fcberkreislichen Spielbetrieb.<\/p>\n<p><a href=\"http:\/\/tus-bruchhausen.de\/Fussball\/wp-content\/uploads\/2014\/10\/IMG_7375.jpg\" rel=\"lightbox[4206]\"><img loading=\"lazy\" decoding=\"async\" class=\"alignleft size-medium wp-image-6025\" src=\"http:\/\/tus-bruchhausen.de\/Fussball\/wp-content\/uploads\/2014\/10\/IMG_7375-200x133.jpg\" alt=\"IMG_7375\" width=\"200\" height=\"133\" srcset=\"http:\/\/www.tus-bruchhausen.de\/Fussball\/wp-content\/uploads\/2014\/10\/IMG_7375-200x133.jpg 200w, http:\/\/www.tus-bruchhausen.de\/Fussball\/wp-content\/uploads\/2014\/10\/IMG_7375-564x376.jpg 564w, http:\/\/www.tus-bruchhausen.de\/Fussball\/wp-content\/uploads\/2014\/10\/IMG_7375-900x600.jpg 900w, http:\/\/www.tus-bruchhausen.de\/Fussball\/wp-content\/uploads\/2014\/10\/IMG_7375.jpg 1440w\" sizes=\"auto, (max-width: 200px) 100vw, 200px\" \/><\/a>Neben dem Gro\u00dfspielfeld befindet sich die Kunstofflaufbahn. Bis zum Umbau im Jahr 2014 hatte die Sportanlage in Bruchhausen eine 400m Rundumlaufbahn. Im Zuge des Projekts 2014 entschloss der Vereins sich dazu, diese Rundumlaufbahn nicht wieder herzustellen. Stattdessen inversierte der Verein in eine 120 Meter lange Kunstofflaufbahn mit abschlie\u00dfender Sprungrube. Auf der drei spurige Laufbahn sind jeweils 50, 75 und 100 Meter Markierungen angebracht. Zudem verf\u00fcgt die Laufbahn \u00fcber einen Absprungbalken.<\/p>\n<p><a href=\"http:\/\/tus-bruchhausen.de\/Fussball\/wp-content\/uploads\/2014\/10\/sportheim.jpg\" rel=\"lightbox[4206]\"><img loading=\"lazy\" decoding=\"async\" class=\" size-medium wp-image-6950 alignright\" src=\"http:\/\/tus-bruchhausen.de\/Fussball\/wp-content\/uploads\/2014\/10\/sportheim-200x150.jpg\" alt=\"sportheim\" width=\"200\" height=\"150\" srcset=\"http:\/\/www.tus-bruchhausen.de\/Fussball\/wp-content\/uploads\/2014\/10\/sportheim-200x150.jpg 200w, http:\/\/www.tus-bruchhausen.de\/Fussball\/wp-content\/uploads\/2014\/10\/sportheim.jpg 448w\" sizes=\"auto, (max-width: 200px) 100vw, 200px\" \/><\/a>Vor dem Hauptspielfeld befindet sich in Richtung Stra\u00dfe die rote Multifunktionsfl\u00e4che. Die Mulitfunktionsfl\u00e4che besteht aus Sand verf\u00fcllten Kunstrasen, wie er im Tennis zum Einsatz kommt. Auf der Fl\u00e4che ist ein Mini-Tennisfeld markiert. Die Fl\u00e4che soll f\u00fcr mehre Sportarten nutzbar sein, Beispiele sind Fu\u00dfball, Tennis und Basketball.<\/p>\n<p>Als v\u00f6llig neues Element ist im Jahr 2014 ein Beachvolleyball in der Fl\u00e4che zwischen dem Hauptspielfeld und der Tennisanlage des TuS Bruchhausen entstanden. Fr\u00fcher war an dieser Stelle ein Damm der beide Anlagen voneinader trennte.<\/p>\n<p><a href=\"http:\/\/tus-bruchhausen.de\/Fussball\/wp-content\/uploads\/2014\/10\/Sportanlage4-30.06.2015.jpg\" rel=\"lightbox[4206]\"><img loading=\"lazy\" decoding=\"async\" class=\"alignleft size-medium wp-image-7049\" src=\"http:\/\/tus-bruchhausen.de\/Fussball\/wp-content\/uploads\/2014\/10\/Sportanlage4-30.06.2015-200x112.jpg\" alt=\"Sportanlage4-30.06.2015\" width=\"200\" height=\"112\" srcset=\"http:\/\/www.tus-bruchhausen.de\/Fussball\/wp-content\/uploads\/2014\/10\/Sportanlage4-30.06.2015-200x112.jpg 200w, http:\/\/www.tus-bruchhausen.de\/Fussball\/wp-content\/uploads\/2014\/10\/Sportanlage4-30.06.2015-300x169.jpg 300w, http:\/\/www.tus-bruchhausen.de\/Fussball\/wp-content\/uploads\/2014\/10\/Sportanlage4-30.06.2015-150x84.jpg 150w, http:\/\/www.tus-bruchhausen.de\/Fussball\/wp-content\/uploads\/2014\/10\/Sportanlage4-30.06.2015-768x431.jpg 768w, http:\/\/www.tus-bruchhausen.de\/Fussball\/wp-content\/uploads\/2014\/10\/Sportanlage4-30.06.2015-581x326.jpg 581w, http:\/\/www.tus-bruchhausen.de\/Fussball\/wp-content\/uploads\/2014\/10\/Sportanlage4-30.06.2015-900x506.jpg 900w, http:\/\/www.tus-bruchhausen.de\/Fussball\/wp-content\/uploads\/2014\/10\/Sportanlage4-30.06.2015.jpg 1440w\" sizes=\"auto, (max-width: 200px) 100vw, 200px\" \/><\/a>Zur Namensherkunft des <strong>Sportpark<\/strong> An der Hiag sei folgendes gesagt: Die damaligen H\u00fcttenwerke, sp\u00e4ter DEGUSSA, stellen in den Jahren um 1912 das heutige Sportanlagen-Gel\u00e4nde zur Verf\u00fcgung. Das DEGUSSA-Tochterunternehmen in Bruchhausen firmierte 1931 unter dem Namen \u201eHolzkohlen-Industrie-AG\u201c kurz HIAG. Wahrscheinlich in den folgenden Jahren b\u00fcrgerte sich der Name &#8220;Sportplatz An der Hiag&#8221; ein.<\/p>\n<p><a href=\"http:\/\/tus-bruchhausen.de\/Fussball\/wp-content\/uploads\/2014\/10\/Fahnen-Sportpark.jpg\" rel=\"lightbox[4206]\"><img loading=\"lazy\" decoding=\"async\" class=\" size-medium wp-image-6347 alignright\" src=\"http:\/\/tus-bruchhausen.de\/Fussball\/wp-content\/uploads\/2014\/10\/Fahnen-Sportpark-200x105.jpg\" alt=\"Fahnen Sportpark\" width=\"200\" height=\"105\" srcset=\"http:\/\/www.tus-bruchhausen.de\/Fussball\/wp-content\/uploads\/2014\/10\/Fahnen-Sportpark-200x105.jpg 200w, http:\/\/www.tus-bruchhausen.de\/Fussball\/wp-content\/uploads\/2014\/10\/Fahnen-Sportpark-581x306.jpg 581w, http:\/\/www.tus-bruchhausen.de\/Fussball\/wp-content\/uploads\/2014\/10\/Fahnen-Sportpark.jpg 1440w\" sizes=\"auto, (max-width: 200px) 100vw, 200px\" \/><\/a>Nach dem aktuellen Umbau der Sportanlage sind einige weitere Sportm\u00f6glichkeiten hinzugekommen. Denn nicht nur das neue Kunstrasenspielfeld steht im Fokus des Umbaus. Einen ganz neuen Charakter verk\u00f6rpert die deutlich gro\u00dfz\u00fcgiger wirkende Sportanlage. Die neue Boulebahn sowie Beachanlage welche direkt an die Tennisanlage grenzen verk\u00f6rpern den Geist einer Breitensportanlage. Der Gesamteindruck der Anlage mit Kunstrasenspielfeld, Laufbahn mit Sprunggrube, Boulebahn, Beachanlage, Minispielfeld, Naturasenkleinfeld, Kugelsto\u00dfanlage und angrenzender Tennisanlage erinnert an einen gro\u00dfz\u00fcgigen Park. Deswegen und der traditionellen Verpflichtung wegen wird die Spielst\u00e4tte der Fu\u00dfballer des TuS Bruchhausen fortan im DFBnet und Fussball.de als &#8220;Sportpark An der Hiag&#8221; gef\u00fchrt.<\/p>\n<h3>Neues Sportheim 2009 er\u00f6ffnet<\/h3>\n<p><a href=\"http:\/\/www.tus-bruchhausen.de\/Fussball\/wp-content\/uploads\/2014\/10\/sportheim2.jpg\" rel=\"lightbox[4206]\"><img loading=\"lazy\" decoding=\"async\" class=\"alignright wp-image-13901\" src=\"http:\/\/www.tus-bruchhausen.de\/Fussball\/wp-content\/uploads\/2014\/10\/sportheim2-300x225.jpg\" alt=\"sportheim2\" width=\"200\" height=\"150\" srcset=\"http:\/\/www.tus-bruchhausen.de\/Fussball\/wp-content\/uploads\/2014\/10\/sportheim2-300x225.jpg 300w, http:\/\/www.tus-bruchhausen.de\/Fussball\/wp-content\/uploads\/2014\/10\/sportheim2-150x113.jpg 150w, http:\/\/www.tus-bruchhausen.de\/Fussball\/wp-content\/uploads\/2014\/10\/sportheim2.jpg 568w\" sizes=\"auto, (max-width: 200px) 100vw, 200px\" \/><\/a>Im Jahr 2007 erfolgte der Spartenstich und damit Baubeginn f\u00fcr das neue Sportheim, welches direkt am Sportplatz errichtet wurde. Nach 2 Jahren Zement r\u00fchren und Steine schleppen wurde am 23.5.2009 Einweihung gefeiert. \u00dcber 7000 Helferstunden mussten bis zur Fertigstellung von den Vereinsmitgliedern geleistet werden. F\u00fcr dieses Projekt wurden Gesamtkosten von ungef\u00e4hr 265.000 Euro gestemmt.<\/p>\n<p>Heute bietet das Sportheim einen gem\u00fctlichen Platz um bei Jugend- oder Seniorenspielen einen hei\u00dfen Kaffee oder ein k\u00fchles Kaltgetr\u00e4nk zu genie\u00dfen. Neben Getr\u00e4nken werden meist auch kalte und\/oder warme Speisen angeboten. Neben dem Bewirtungsangebot w\u00e4hrend Meisterschaftsspielen wird das Sportheim auch f\u00fcr Feierlichkeiten von Jugend und Seniorenteams genutzt.<\/p>\n<p>Das Sportheim wird vor allem bei Veranstaltungen wie der Vatertagsgaudi, dem Dorfturnier, dem Jugendferiencamp und vielen Veranstaltungen mehr genutzt. An der Sportplatzseite des Sportheims befinden sich 4 gro\u00dfe Fensterelemente welche stets den besten Blick auf die Sportanlage bieten. Besonders die riesige Terrasse welche gr\u00f6\u00dftenteils \u00fcberdacht ist bietet Platz f\u00fcr viele G\u00fcste bei Veranstaltungen und Meisterschaftspielen. Einen Blick wert ist auch die offene Holz-Dachkonstruktion die eine ganz besondere Atmosph\u00e4re verbreitet.<\/p>\n","protected":false},"excerpt":{"rendered":"<p>Der Sportpark An der Hiag ist die Heimspielst\u00e4tte der Fu\u00dfballer des TuS Bruchhausen. Neben dem Fu\u00dfball gibt es im Sportpark jedoch einige weitere Sportm\u00f6glichkeiten. Im Jahr 2014 wurde der alte Tennesportplatz an gleicher Stelle abgerissen und zum heutigen Sportpark umgebaut. Ausf\u00fchrende Firma war die Lodenkemper GmbH aus Ahlen. Die Er\u00f6ffnungsfeier folgte am 19. September 2014. [&hellip;]<\/p>\n","protected":false},"author":3,"featured_media":0,"parent":0,"menu_order":0,"comment_status":"closed","ping_status":"closed","template":"","meta":{"footnotes":""},"class_list":["post-4206","page","type-page","status-publish","hentry","small-justify-block","no-thumb"],"yoast_head":"<!-- This site is optimized with the Yoast SEO plugin v27.2 - https:\/\/yoast.com\/product\/yoast-seo-wordpress\/ -->\n<title>Sportpark An der HIAG - TuS Bruchhausen - Fu\u00dfball<\/title>\n<meta name=\"robots\" content=\"index, follow, max-snippet:-1, max-image-preview:large, max-video-preview:-1\" \/>\n<link rel=\"canonical\" href=\"http:\/\/www.tus-bruchhausen.de\/Fussball\/sportpark-an-der-hiag\/\" \/>\n<meta property=\"og:locale\" content=\"de_DE\" \/>\n<meta property=\"og:type\" content=\"article\" \/>\n<meta property=\"og:title\" content=\"Sportpark An der HIAG - TuS Bruchhausen - Fu\u00dfball\" \/>\n<meta property=\"og:description\" content=\"Der Sportpark An der Hiag ist die Heimspielst\u00e4tte der Fu\u00dfballer des TuS Bruchhausen. Neben dem Fu\u00dfball gibt es im Sportpark jedoch einige weitere Sportm\u00f6glichkeiten. Im Jahr 2014 wurde der alte Tennesportplatz an gleicher Stelle abgerissen und zum heutigen Sportpark umgebaut. Ausf\u00fchrende Firma war die Lodenkemper GmbH aus Ahlen. Die Er\u00f6ffnungsfeier folgte am 19. September 2014. [&hellip;]\" \/>\n<meta property=\"og:url\" content=\"http:\/\/www.tus-bruchhausen.de\/Fussball\/sportpark-an-der-hiag\/\" \/>\n<meta property=\"og:site_name\" content=\"TuS Bruchhausen\" \/>\n<meta property=\"article:publisher\" content=\"https:\/\/www.facebook.com\/TuS02\/\" \/>\n<meta property=\"article:modified_time\" content=\"2017-03-01T16:39:35+00:00\" \/>\n<meta property=\"og:image\" content=\"http:\/\/tus-bruchhausen.de\/Fussball\/wp-content\/uploads\/2014\/09\/20140902-14-1440x9603-581x350.jpg\" \/>\n<meta name=\"twitter:card\" content=\"summary_large_image\" \/>\n<meta name=\"twitter:label1\" content=\"Gesch\u00e4tzte Lesezeit\" \/>\n\t<meta name=\"twitter:data1\" content=\"3\u00a0Minuten\" \/>\n<script type=\"application\/ld+json\" class=\"yoast-schema-graph\">{\"@context\":\"https:\/\/schema.org\",\"@graph\":[{\"@type\":\"WebPage\",\"@id\":\"http:\/\/www.tus-bruchhausen.de\/Fussball\/sportpark-an-der-hiag\/\",\"url\":\"http:\/\/www.tus-bruchhausen.de\/Fussball\/sportpark-an-der-hiag\/\",\"name\":\"Sportpark An der HIAG - TuS Bruchhausen - Fu\u00dfball\",\"isPartOf\":{\"@id\":\"http:\/\/www.tus-bruchhausen.de\/Fussball\/#website\"},\"primaryImageOfPage\":{\"@id\":\"http:\/\/www.tus-bruchhausen.de\/Fussball\/sportpark-an-der-hiag\/#primaryimage\"},\"image\":{\"@id\":\"http:\/\/www.tus-bruchhausen.de\/Fussball\/sportpark-an-der-hiag\/#primaryimage\"},\"thumbnailUrl\":\"http:\/\/tus-bruchhausen.de\/Fussball\/wp-content\/uploads\/2014\/09\/20140902-14-1440x9603-581x350.jpg\",\"datePublished\":\"2014-10-23T07:50:42+00:00\",\"dateModified\":\"2017-03-01T16:39:35+00:00\",\"breadcrumb\":{\"@id\":\"http:\/\/www.tus-bruchhausen.de\/Fussball\/sportpark-an-der-hiag\/#breadcrumb\"},\"inLanguage\":\"de\",\"potentialAction\":[{\"@type\":\"ReadAction\",\"target\":[\"http:\/\/www.tus-bruchhausen.de\/Fussball\/sportpark-an-der-hiag\/\"]}]},{\"@type\":\"ImageObject\",\"inLanguage\":\"de\",\"@id\":\"http:\/\/www.tus-bruchhausen.de\/Fussball\/sportpark-an-der-hiag\/#primaryimage\",\"url\":\"http:\/\/tus-bruchhausen.de\/Fussball\/wp-content\/uploads\/2014\/09\/20140902-14-1440x9603-581x350.jpg\",\"contentUrl\":\"http:\/\/tus-bruchhausen.de\/Fussball\/wp-content\/uploads\/2014\/09\/20140902-14-1440x9603-581x350.jpg\"},{\"@type\":\"BreadcrumbList\",\"@id\":\"http:\/\/www.tus-bruchhausen.de\/Fussball\/sportpark-an-der-hiag\/#breadcrumb\",\"itemListElement\":[{\"@type\":\"ListItem\",\"position\":1,\"name\":\"Startseite\",\"item\":\"http:\/\/www.tus-bruchhausen.de\/Fussball\/\"},{\"@type\":\"ListItem\",\"position\":2,\"name\":\"Sportpark An der HIAG\"}]},{\"@type\":\"WebSite\",\"@id\":\"http:\/\/www.tus-bruchhausen.de\/Fussball\/#website\",\"url\":\"http:\/\/www.tus-bruchhausen.de\/Fussball\/\",\"name\":\"TuS Bruchhausen\",\"description\":\"Fu\u00dfball\",\"potentialAction\":[{\"@type\":\"SearchAction\",\"target\":{\"@type\":\"EntryPoint\",\"urlTemplate\":\"http:\/\/www.tus-bruchhausen.de\/Fussball\/?s={search_term_string}\"},\"query-input\":{\"@type\":\"PropertyValueSpecification\",\"valueRequired\":true,\"valueName\":\"search_term_string\"}}],\"inLanguage\":\"de\"}]}<\/script>\n<!-- \/ Yoast SEO plugin. -->","yoast_head_json":{"title":"Sportpark An der HIAG - TuS Bruchhausen - Fu\u00dfball","robots":{"index":"index","follow":"follow","max-snippet":"max-snippet:-1","max-image-preview":"max-image-preview:large","max-video-preview":"max-video-preview:-1"},"canonical":"http:\/\/www.tus-bruchhausen.de\/Fussball\/sportpark-an-der-hiag\/","og_locale":"de_DE","og_type":"article","og_title":"Sportpark An der HIAG - TuS Bruchhausen - Fu\u00dfball","og_description":"Der Sportpark An der Hiag ist die Heimspielst\u00e4tte der Fu\u00dfballer des TuS Bruchhausen. Neben dem Fu\u00dfball gibt es im Sportpark jedoch einige weitere Sportm\u00f6glichkeiten. Im Jahr 2014 wurde der alte Tennesportplatz an gleicher Stelle abgerissen und zum heutigen Sportpark umgebaut. Ausf\u00fchrende Firma war die Lodenkemper GmbH aus Ahlen. Die Er\u00f6ffnungsfeier folgte am 19. September 2014. [&hellip;]","og_url":"http:\/\/www.tus-bruchhausen.de\/Fussball\/sportpark-an-der-hiag\/","og_site_name":"TuS Bruchhausen","article_publisher":"https:\/\/www.facebook.com\/TuS02\/","article_modified_time":"2017-03-01T16:39:35+00:00","og_image":[{"url":"http:\/\/tus-bruchhausen.de\/Fussball\/wp-content\/uploads\/2014\/09\/20140902-14-1440x9603-581x350.jpg","type":"","width":"","height":""}],"twitter_card":"summary_large_image","twitter_misc":{"Gesch\u00e4tzte Lesezeit":"3\u00a0Minuten"},"schema":{"@context":"https:\/\/schema.org","@graph":[{"@type":"WebPage","@id":"http:\/\/www.tus-bruchhausen.de\/Fussball\/sportpark-an-der-hiag\/","url":"http:\/\/www.tus-bruchhausen.de\/Fussball\/sportpark-an-der-hiag\/","name":"Sportpark An der HIAG - TuS Bruchhausen - Fu\u00dfball","isPartOf":{"@id":"http:\/\/www.tus-bruchhausen.de\/Fussball\/#website"},"primaryImageOfPage":{"@id":"http:\/\/www.tus-bruchhausen.de\/Fussball\/sportpark-an-der-hiag\/#primaryimage"},"image":{"@id":"http:\/\/www.tus-bruchhausen.de\/Fussball\/sportpark-an-der-hiag\/#primaryimage"},"thumbnailUrl":"http:\/\/tus-bruchhausen.de\/Fussball\/wp-content\/uploads\/2014\/09\/20140902-14-1440x9603-581x350.jpg","datePublished":"2014-10-23T07:50:42+00:00","dateModified":"2017-03-01T16:39:35+00:00","breadcrumb":{"@id":"http:\/\/www.tus-bruchhausen.de\/Fussball\/sportpark-an-der-hiag\/#breadcrumb"},"inLanguage":"de","potentialAction":[{"@type":"ReadAction","target":["http:\/\/www.tus-bruchhausen.de\/Fussball\/sportpark-an-der-hiag\/"]}]},{"@type":"ImageObject","inLanguage":"de","@id":"http:\/\/www.tus-bruchhausen.de\/Fussball\/sportpark-an-der-hiag\/#primaryimage","url":"http:\/\/tus-bruchhausen.de\/Fussball\/wp-content\/uploads\/2014\/09\/20140902-14-1440x9603-581x350.jpg","contentUrl":"http:\/\/tus-bruchhausen.de\/Fussball\/wp-content\/uploads\/2014\/09\/20140902-14-1440x9603-581x350.jpg"},{"@type":"BreadcrumbList","@id":"http:\/\/www.tus-bruchhausen.de\/Fussball\/sportpark-an-der-hiag\/#breadcrumb","itemListElement":[{"@type":"ListItem","position":1,"name":"Startseite","item":"http:\/\/www.tus-bruchhausen.de\/Fussball\/"},{"@type":"ListItem","position":2,"name":"Sportpark An der HIAG"}]},{"@type":"WebSite","@id":"http:\/\/www.tus-bruchhausen.de\/Fussball\/#website","url":"http:\/\/www.tus-bruchhausen.de\/Fussball\/","name":"TuS Bruchhausen","description":"Fu\u00dfball","potentialAction":[{"@type":"SearchAction","target":{"@type":"EntryPoint","urlTemplate":"http:\/\/www.tus-bruchhausen.de\/Fussball\/?s={search_term_string}"},"query-input":{"@type":"PropertyValueSpecification","valueRequired":true,"valueName":"search_term_string"}}],"inLanguage":"de"}]}},"_links":{"self":[{"href":"http:\/\/www.tus-bruchhausen.de\/Fussball\/wp-json\/wp\/v2\/pages\/4206","targetHints":{"allow":["GET"]}}],"collection":[{"href":"http:\/\/www.tus-bruchhausen.de\/Fussball\/wp-json\/wp\/v2\/pages"}],"about":[{"href":"http:\/\/www.tus-bruchhausen.de\/Fussball\/wp-json\/wp\/v2\/types\/page"}],"author":[{"embeddable":true,"href":"http:\/\/www.tus-bruchhausen.de\/Fussball\/wp-json\/wp\/v2\/users\/3"}],"replies":[{"embeddable":true,"href":"http:\/\/www.tus-bruchhausen.de\/Fussball\/wp-json\/wp\/v2\/comments?post=4206"}],"version-history":[{"count":33,"href":"http:\/\/www.tus-bruchhausen.de\/Fussball\/wp-json\/wp\/v2\/pages\/4206\/revisions"}],"predecessor-version":[{"id":13903,"href":"http:\/\/www.tus-bruchhausen.de\/Fussball\/wp-json\/wp\/v2\/pages\/4206\/revisions\/13903"}],"wp:attachment":[{"href":"http:\/\/www.tus-bruchhausen.de\/Fussball\/wp-json\/wp\/v2\/media?parent=4206"}],"curies":[{"name":"wp","href":"https:\/\/api.w.org\/{rel}","templated":true}]}}